 Let f(r) = r**2 - r. Calculate f(p).
6
Let v(u) = 2*u**2 - 2*u - 2. Let z be v(-1). Let c(q) be the first derivative of 1/3*q**3 + z - 4*q + 1/2*q**2. Calculate c(0).
-4
Let y(g) = -6*g**3 + 4*g**2 - 4*g + 21. Let j(s) = -7*s**3 + 5*s**2 - 5*s + 22. Let o(q) = -5*j(q) + 6*y(q). Let v = -6 - -6. Calculate o(v).
16
Let l(c) = c**3 - 4*c**2 + 2*c + 1. Let q = -117 + 119. Give l(q).
-3
Let c(v) = 4*v - 5*v**3 - 4*v. Suppose 0 = 4*w - 8. Suppose 4*z = w + 2. What is c(z)?
-5
Let g(s) be the second derivative of s**3/2 - s**2 - 32*s. Determine g(-2).
-8
Let q(h) be the first derivative of h**2/2 + h + 3. Let o(r) = -r**3 - 2*r**2 + 3*r + 2. Let l be o(-3). Suppose -2*x = -8 + l. Give q(x).
4
Suppose -v + 3*a + 13 = 0, 3*v + a = -v. Suppose 4*p + 3*g = 6*g - v, 2*p = 4*g + 2. Let b(w) = -8*w**3 - w**2 - w - 1. Determine b(p).
7
Let y(u) be the third derivative of u**6/120 + 7*u**5/60 + u**4/4 + 2*u**3/3 - u**2. Let i be (4/8)/((-1)/8). Let j = i - 2. What is y(j)?
4
Let o(l) = -l**2 - 6*l - 8. Let j(q) = -q. Let g(z) = 6*j(z) - o(z). Give g(0).
8
Let r(c) = -c + 10 - 2*c - 3. Let d(a) be the third derivative of -2*a**4/3 + 6*a**3 - a**2. Let t(j) = 2*d(j) - 11*r(j). What is t(0)?
-5
Let d(q) = q**2 + 4*q - 5. Let h be d(-5). Suppose h = 2*x - x. Let l(t) be the first derivative of t**4/4 + t**2/2 - 10*t - 1. Calculate l(x).
-10
Let s(a) be the third derivative of 0*a + 0 + 1/12*a**4 - 1/6*a**3 + 2*a**2. Let b be (-12)/(-8) + 5/2. Give s(b).
7
Let k = -16 - -17. Let o = 0 - k. Let d(l) = -4*l. Give d(o).
4
Let r(v) = -v**2 + 5*v - 3. Let o be r(3). Suppose o*q = 9, -6*n + q = -n - 7. Let j(z) = 0*z**n - z - z + z**2. Give j(2).
0
Let u(z) be the first derivative of -2*z**3/3 - z**2/2 + 1. Determine u(1).
-3
Let d(j) be the second derivative of j**5/20 + 5*j**4/12 - 4*j**3/3 + 3*j**2/2 - 3*j - 3. Calculate d(-6).
15
Let u(t) = -1. Let w(q) = 17*q**2 - q + 2. Let k(b) = -2*u(b) - w(b). What is k(1)?
-16
Let o(n) = 2*n + 18*n**2 - 17*n**2 + 6*n + 3. What is o(-3)?
-12
Let t(q) = -2*q + 3. Let h(i) = 3*i - 4. Let f(l) = 3*h(l) + 2*t(l). What is f(5)?
19
Let s(n) be the second derivative of n**4/12 - 2*n**3/3 - 4*n**2 + 2*n. Determine s(6).
4
Let p(d) be the third derivative of d**7/120 + d**6/180 + d**5/60 + d**4/24 - d**3/2 - 3*d**2. Let v(o) be the first derivative of p(o). Determine v(-1).
-6
Let w(c) = -8*c + 3*c + c + c**2. Give w(4).
0
Let f(b) = b**2 - 5*b + 2. Let n = 2 + -2. Let h(r) = -r**3 - r**2 + r + 3. Let w be h(n). Calculate f(w).
-4
Let v(m) = -m**3 - 12*m**2 - 12*m - 16. Let g be v(-11). Let x(q) = -q**3 - 4*q**2 + 5*q + 3. Determine x(g).
3
Suppose 15 = -5*r - n, -r - n + 6*n - 3 = 0. Let z(v) = -3*v + 0 + 6*v + 4. Determine z(r).
-5
Let o = -57 - -63. Let n(l) = l**3 - 6*l**2 - l + 4. What is n(o)?
-2
Let c(d) = -9*d**3 + d - 2. Let u(b) = 8*b**3 - 2*b + 3. Let k(t) = -4*c(t) - 3*u(t). Calculate k(1).
13
Let p(m) = 8*m**3 + 13*m**2 + m - 3. Let u(c) = -7*c**3 - 12*c**2 - c + 3. Let r(g) = 6*p(g) + 7*u(g). Calculate r(-6).
9
Let w(i) = i - 1. Suppose -2*x - 18 = -5*u, 5*u - 12 = -4*x + 12. Suppose -u - 16 = 4*j. Determine w(j).
-6
Let r = -17 + 13. Let i = r - -6. Let n(x) = -x**3 + 2*x**2 - 3*x + 1. Give n(i).
-5
Let p = 5 + -9. Let a(g) = 6*g**2 + 9*g + 1. Let q(m) = 5*m**2 + 8*m + 1. Let t(o) = p*a(o) + 5*q(o). Give t(-4).
1
Let i(u) = 1 + 3 + 10 + u - 8. Calculate i(-4).
2
Let g(x) = -x**3 - 1. Let c(s) = 4*s**3 - s**2 - s - 1. Let n(z) = c(z) + 5*g(z). Give n(0).
-6
Let d be (-46)/6 - (-1)/(-3). Let p(c) = -c**3 - 8*c**2 + 6. Calculate p(d).
6
Let u(n) = 7*n**2 - 1. Let d(h) = h**2 + h - 1. Let x(r) = -3*d(r) + u(r). Give x(2).
12
Let p(x) be the first derivative of 4*x**2 - x - 5. Calculate p(-1).
-9
Let a(o) = -2*o + 0*o**2 + 22*o**3 - 21*o**3 + 4 - 2*o - 4*o**2. Calculate a(5).
9
Let g(p) = p**3 - 4*p**2 - 4*p. Let h be (-8)/6 + 1/3. Let x be h - (2 + 6 + 1). Let k be (x/(-4))/(1/2). What is g(k)?
5
Suppose q = h + 4*q + 3, -3*h - 1 = q. Suppose -5*v + 9 + 6 = 0. Let m(n) = -n**2 + 2 + 2 - v*n**3 + 4*n**3. Give m(h).
4
Let d = -1 - -4. Suppose 2*y = -10, -3*y + y = d*i + 25. Let f(n) = n + 4. Give f(i).
-1
Let z be 0/(-1) - (-7 - -1). Suppose 0 = -v - 2*v - z. Let o be (1 - 1/v)*-2. Let r(f) = f**3 + 4*f**2 + f - 4. Calculate r(o).
2
Let a(o) = -3 - o - 3*o + 3*o. Let g(m) = m + 2. Let d = -9 + 5. Let j be g(d). Calculate a(j).
-1
Let m(y) = y + 5. Let z be m(-8). Let o = z - -5. Let i(w) = -6 + 2*w - 4*w + o. Calculate i(-5).
6
Let b = 5 - 3. Let x(o) = o**2 - o + o**3 - 4*o**b - o**2 + 3*o**2. Let u be 0/(2*1/2). Give x(u).
0
Let z = -6 - -8. Suppose -g = 4*f + 14, -4*g + 5*f + 24 = f. Let o(i) = -i**3 - 1 - g*i + i - i - z*i**3. What is o(-1)?
4
Suppose 4*f = -8 - 4. Let a(d) = 3*d**2 + 1 - 3 - d**3 + 2*d**3. Give a(f).
-2
Let c(n) be the first derivative of -2*n**2 - n + 9. What is c(-5)?
19
Suppose -z - 3 = 2*g, -3*g - 3 = -4*z - 6*g. Let l(d) = 4*d - d**3 + z - 6*d**2 - 4 + 2*d**3. Let f = 9 + -4. Give l(f).
-6
Let p(f) = -f + 1. Suppose 2*z = 3*l - 8, -7*z = -4*l - 2*z + 20. Suppose -3 = -3*g + 3*k, 4*g + 2*k - k = -16. Let b = l + g. Determine p(b).
4
Let w(s) = 4*s**2 + 5*s - 2. Let k(v) = -v**3 + 4*v**2 + 6*v - 2. Let r(y) = -3*k(y) + 4*w(y). Determine r(-2).
-14
Let k = -47 - -45. Let i(a) = -a**3 - 2*a**2 - 2*a - 1. Give i(k).
3
Suppose -n = 4*n + 20. Let j(t) = -3*t**2 - 4*t + 5. Let i(a) = a**2 + a - 1. Let r(p) = n*i(p) - j(p). Give r(0).
-1
Let k(m) = m**3 - 3*m**2 - 2*m + 1. Let d be k(4). Suppose -2*n = -5*n + d. Let o(p) = p**3 - 2*p**2 - p + 1. Determine o(n).
7
Let i(y) be the second derivative of -5*y**5/4 + y**4/6 - y**2/2 + 33*y. Calculate i(-1).
26
Let x = 9 - -12. Suppose x = -7*r + 4*r. Let c(b) = -b**3 - 8*b**2 - 7*b + 5. Determine c(r).
5
Let m(b) = -b**3 + 3*b**2 - 3*b - 3. Let i(o) = o**3 + 4*o**2 - 6*o - 2. Let h(n) = -n**2 + 6*n + 2. Let x be h(7). Let k be i(x). Determine m(k).
-12
Let p(c) = -8*c**2 - 18*c + 29. Let w(f) = -3*f**2 - 6*f + 10. Let b(n) = -4*p(n) + 11*w(n). Determine b(5).
-1
Let s(m) = -m**3 + 7*m**2 - 5*m - 3. Let n(j) = -23*j - 6. Let k(f) = -12*f - 3. Let p(d) = -5*k(d) + 3*n(d). Let w be p(-1). Give s(w).
3
Let j(d) = -4*d + 1. Let k be 1*4*(-6)/24. Give j(k).
5
Let l(c) be the second derivative of 0*c**2 + 5/6*c**3 + 4*c + 0. Determine l(-1).
-5
Let d(i) = i**3 - 2*i. Suppose -9 + 1 = -4*a. Suppose -3*z + l - 4*l - 3 = 0, a = z + 4*l. Determine d(z).
-4
Let p(o) be the third derivative of o**6/60 + o**5/30 + o**4/12 + o**3/6 - 6*o**2. Determine p(-2).
-11
Let l(g) be the second derivative of -1/2*g**4 + 2/3*g**3 + 0 - 2*g + 1/2*g**2 + 1/20*g**5. What is l(5)?
-4
Suppose 66 = 4*q - 22. Suppose 5*g - 3*x - 51 = g, -2*g - 2*x + q = 0. Suppose g = -5*t - 8. Let n(k) = k**3 + 5*k**2 + k - 3. Give n(t).
9
Let s(u) = -7*u - 68. Let m be s(-9). Let y(b) = b**3 + 5*b**2 - 2*b + 6. Calculate y(m).
16
Let a(c) = c**3 + 13*c**2 + c + 13. Let m be a(-13). Let y(i) = -i**3 + i**2 - 3. What is y(m)?
-3
Let l(c) be the first derivative of c**2/2 - 8*c - 32. Give l(0).
-8
Let i(f) = f**3 - 5*f**2 - 5*f + 4. Let d(s) = 2*s - 1. Let z be d(4). Let q = 13 - z. What is i(q)?
10
Let u be 180/(-5)*(-3)/(-4). Let a = u + 39. Let n = -8 + a. Let r(o) = 3*o - 5. Give r(n).
7
Suppose 0 = -i + 3*i + 2. Let n(g) = 2*g + 1 + 3*g + 2*g. What is n(i)?
-6
Let j(c) = 11*c - 73. Let g be j(7). Let s(r) be the second derivative of 0 - 1/12*r**4 - g*r + 2/3*r**3 - 3/2*r**2. Give s(2).
1
Let i(d) be the first derivative of d**4/4 + d**3/3 - d**2 - 5. Give i(2).
8
Let h(l) = -l**2 - 5*l. Let s be -12*(4/(-8))/(-1). Calculate h(s).
-6
Let l be 0*(1 + (-2)/4). Suppose z + 5 = y, 3*y + 3*z = -9 - l. Let s(u) = -7*u + 1. What is s(y)?
-6
Let n be (-33)/22*(-16)/6. Let f(m) = m**3 - 4*m**2 + 3. What is f(n)?
3
Let f(o) = -129*o + 2 + 0*o**2 + o**2 + 123*o. Calculate f(6).
2
Let b(x) be the first derivative of x**4/4 - 4*x**3/3 + 3*x**2/2 - x - 1. Let g be (-6)/8 + 102/8. Suppose -5*l = a - g, -l + 2*l = -5*a - 12. What is b(l)?
-1
Let g(i) = -i**3 - 6*i**2 - 5*i + 4. Let a be 1 + (4 - 2) + 1. Suppose -a*m - 25 = m. What is g(m)?
4
Let v(z) = -4*z - 4. Let m(p) = -p. Let n(r) = 5*m(r) - v(r). Let o = 19 + -19. Suppose i + 0 - 4 = o. Determine n(i).
0
Let s(l) = -l + 1. Let c(k) be the third derivative of -k**5/6